{"id":15,"date":"2016-02-04T13:24:37","date_gmt":"2016-02-04T13:24:37","guid":{"rendered":"http:\/\/osteopathie-gehrke.de\/?page_id=15"},"modified":"2024-02-09T04:58:27","modified_gmt":"2024-02-09T04:58:27","slug":"ueber-mich","status":"publish","type":"page","link":"https:\/\/osteopathie-gehrke.de\/?page_id=15","title":{"rendered":"\u00dcBER MICH"},"content":{"rendered":"<h1 style=\"text-align: left;\">\u00dcber mich<\/h1>\n<h4 style=\"text-align: left;\"><strong>Philipp Gehrke<\/strong><img loading=\"lazy\" class=\"alignright wp-image-511\" src=\"http:\/\/osteopathie-gehrke.de\/wp-content\/uploads\/2023\/02\/CST06928-683x1024.jpg\" alt=\"\" width=\"400\" height=\"600\" srcset=\"https:\/\/osteopathie-gehrke.de\/wp-content\/uploads\/2023\/02\/CST06928-683x1024.jpg 683w, https:\/\/osteopathie-gehrke.de\/wp-content\/uploads\/2023\/02\/CST06928-200x300.jpg 200w, https:\/\/osteopathie-gehrke.de\/wp-content\/uploads\/2023\/02\/CST06928-768x1152.jpg 768w, https:\/\/osteopathie-gehrke.de\/wp-content\/uploads\/2023\/02\/CST06928-1024x1536.jpg 1024w, https:\/\/osteopathie-gehrke.de\/wp-content\/uploads\/2023\/02\/CST06928-1366x2048.jpg 1366w, https:\/\/osteopathie-gehrke.de\/wp-content\/uploads\/2023\/02\/CST06928-scaled.jpg 1707w\" sizes=\"(max-width: 400px) 100vw, 400px\" \/><\/h4>\n<p>Osteopathieausbildung nach den Kriterien der Bundesarbeitsgemeinschaft Osteopathie BAO (5-j\u00e4hrige Ausbildung) an der <a href=\"https:\/\/www.osteopathie-salutaris.de\">Salutaris Akademie<\/a><\/p>\n<p>Mitglied in der <a href=\"https:\/\/www.bao-osteopathie.de\/therapeuten\/therapeutenliste\/?p=0&amp;plz=&amp;alpha=&amp;sort=name&amp;no_cache=1&amp;search=gehrke#ext_content\">Bundesarbeitsgemeinschaft Osteopathie BAO<\/a><\/p>\n<p>Mitglied im <a href=\"https:\/\/www.osteopathie.de\/therapeutenliste?thnr=311780&amp;plzbereich=&amp;suchplz=&amp;suchort=&amp;suchfirma=&amp;suchname=gehrke&amp;dosymbol=&amp;kindersymbol=\">Verband der Osteopathen Deutschland VOD<\/a><\/p>\n<p>Fellow des <a href=\"https:\/\/scco.ac\/doctor\/philipp-gehrke-2\/\">Sutherland Cranial College of Osteopathy<\/a><\/p>\n<p>Tr\u00e4ger des <a href=\"https:\/\/scco.ac\/de\/paediatrischer-weg\/\">Paediatric Osteopathy Diploma des SCCO<\/a><\/p>\n<p>Meine osteopathischer Ansatz\u00a0umfasste folgende Bereiche:<\/p>\n<ul>\n<li>parietale Osteopathie (Knochen, Muskeln und B\u00e4nder)<\/li>\n<li>viszerale Osteopathie (innere Organe)<\/li>\n<li>craniosacrale Osteopathie (Sch\u00e4del und Kreuzbein)<\/li>\n<li>fasziale Osteopathie (Faszien, also bindegewebige K\u00f6rperstrukturen)<\/li>\n<li>energetische und integrative Aspekte der Osteopathie<\/li>\n<\/ul>\n<p><strong>Fortbildungen und Zusatzqualifikationen<\/strong><\/p>\n<p>Weiterbildungen in biodynamischer Osteopathie im In- und Ausland<\/p>\n<p>Zweij\u00e4hrige zertifizierte Weiterbildung\u00a0Osteopathie f\u00fcr Kinder bei G\u00fcnter Steinfurth, DO, FSCCO<\/p>\n<p>Zweij\u00e4hrige zertifizierte Weiterbildung f\u00fcr p\u00e4diatrische Osteopathie am SCCO, mit Abschluss POD<\/p>\n<p>Mehrj\u00e4hrige Weiterbildung am SCCO mit erfolgreichem Abschluss des Pathway f\u00fcr Craniale Osteopathie<\/p>\n<p>Heilpraktiker mit der Erlaubnis zur Aus\u00fcbung der Heilkunde<\/p>\n<p>Dreij\u00e4hrige Ausbildung zum staatlich anerkannten Physiotherapeuten<\/p>\n<p>Sportphysiotherapeut mit Zertifizierung durch den Deutschen Olympischen Sportbund (DOSB)<\/p>\n<p>Mitglied im Dozententeam der <a href=\"http:\/\/osteopathie-salutaris.de\/index.php\/willkommen\">Salutaris Akademie<\/a> f\u00fcr Osteopathie in K\u00f6ln<\/p>\n<p>F\u00fcnfj\u00e4hrige osteopathische Ausbildung nach Kriterien der BAO<\/p>\n<p>Publikationen in Fachzeitschriften, unter anderem in der <a href=\"https:\/\/www.thieme.de\/de\/deutsche-heilpraktiker-zeitschrift\/profil-1905.htm\">Deutschen Heilpraktikerzeitschrift<\/a> und in der <a href=\"https:\/\/www.thieme.de\/de\/deutsche-zeitschrift-osteopathie\/profil-8040.htm\">Deutschen Zeitschrift f\u00fcr Osteopathie<\/a><\/p>\n<p>Regelm\u00e4\u00dfige Teilnahme an postgraduierten Fortbildungen im In- und Ausland<\/p>\n<p>Verheiratet und Vater zweier wunderbarer Kinder<\/p>\n","protected":false},"excerpt":{"rendered":"<p>\u00dcber mich Philipp Gehrke Osteopathieausbildung nach den Kriterien der Bundesarbeitsgemeinschaft Osteopathie BAO (5-j\u00e4hrige Ausbildung) an der Salutaris Akademie Mitglied in der Bundesarbeitsgemeinschaft Osteopathie BAO Mitglied im Verband der Osteopathen Deutschland VOD Fellow des Sutherland Cranial College of Osteopathy Tr\u00e4ger des Paediatric Osteopathy Diploma des SCCO Meine osteopathischer Ansatz\u00a0umfasste folgende Bereiche: parietale Osteopathie (Knochen, Muskeln und [&hellip;]<\/p>\n","protected":false},"author":1,"featured_media":0,"parent":0,"menu_order":5,"comment_status":"closed","ping_status":"closed","template":"fullwidth-page.php","meta":[],"_links":{"self":[{"href":"https:\/\/osteopathie-gehrke.de\/index.php?rest_route=\/wp\/v2\/pages\/15"}],"collection":[{"href":"https:\/\/osteopathie-gehrke.de\/index.php?rest_route=\/wp\/v2\/pages"}],"about":[{"href":"https:\/\/osteopathie-gehrke.de\/index.php?rest_route=\/wp\/v2\/types\/page"}],"author":[{"embeddable":true,"href":"https:\/\/osteopathie-gehrke.de\/index.php?rest_route=\/wp\/v2\/users\/1"}],"replies":[{"embeddable":true,"href":"https:\/\/osteopathie-gehrke.de\/index.php?rest_route=%2Fwp%2Fv2%2Fcomments&post=15"}],"version-history":[{"count":109,"href":"https:\/\/osteopathie-gehrke.de\/index.php?rest_route=\/wp\/v2\/pages\/15\/revisions"}],"predecessor-version":[{"id":542,"href":"https:\/\/osteopathie-gehrke.de\/index.php?rest_route=\/wp\/v2\/pages\/15\/revisions\/542"}],"wp:attachment":[{"href":"https:\/\/osteopathie-gehrke.de\/index.php?rest_route=%2Fwp%2Fv2%2Fmedia&parent=15"}],"curies":[{"name":"wp","href":"https:\/\/api.w.org\/{rel}","templated":true}]}}